. Let d = 10 - y. Does 14 divide d?
True
Let i(g) be the second derivative of g**5/40 + g**4/24 - g**3/6 - g. Let k(d) be the second derivative of i(d). Is 8 a factor of k(5)?
True
Let m = 55 + -94. Let r = -27 - m. Does 12 divide r?
True
Let y = 15 - 4. Let r = y - 0. Does 4 divide r?
False
Let z(x) = -19*x + 19. Is 19 a factor of z(-7)?
True
Let p = 204 + -108. Is 24 a factor of p?
True
Let a(f) = -f**3 - 8*f**2 - 6*f - 9. Let r be a(-7). Is 12 a factor of (-388)/r - (-1)/(-4)?
True
Let q = 29 - 34. Let t = q - -24. Does 17 divide t?
False
Suppose -4*i = -2*k + 16, k - 3*i - 2 = 6. Suppose 0 = -2*f - 4 + k. Suppose 4*u - 26 = f*u. Is 13 a factor of u?
True
Let k(c) = -5*c + 6*c - 5*c - 2*c**2 + 3 + 2 - c**3. Let a(d) = d**2. Let g(m) = -2*a(m) + k(m). Is 13 a factor of g(-4)?
False
Suppose t - 203 = -3*a, 345 = 5*a - 6*t + t. Suppose -5*w + a = -17. Does 17 divide w?
True
Let n = -56 + 31. Let l = 16 - n. Suppose -l = -5*a + 3*z, 5*a - z = 10 + 27. Is a a multiple of 3?
False
Let n(u) = 2*u - 4. Let i be n(3). Does 7 divide 3/(i/112*6)?
True
Let u(q) = -3*q + 3. Let j(s) = 4*s - 2. Let z(o) = 4*j(o) + 5*u(o). Let r(c) = c**3 - 8*c**2 - 9*c. Let x be r(9). Does 3 divide z(x)?
False
Let d(z) = z**2 + 6*z - 14. Let q be d(-8). Is 2/5*(q + 28) a multiple of 4?
True
Let w(a) = -8*a - 16. Does 26 divide w(-13)?
False
Let p = 10 + 35. Is 13 a factor of p?
False
Let t = -4 - -6. Suppose -t*i = 2*i - 36. Is 8 a factor of i?
False
Suppose 0 = -l + 4*g - 10, 0 = -3*l + l + 2*g - 14. Let s(b) = b**3 + 5*b**2 - 7*b - 4. Let v be s(l). Let a(y) = 11*y - 1. Is 7 a factor of a(v)?
True
Suppose -f - 220 = -8*z + 3*z, -80 = -2*z + 2*f. Is z a multiple of 9?
True
Suppose -4*r - 4*i - 10 = -2*r, 4 = -2*r - 2*i. Let j = 1 + r. Does 8 divide 0 + (1 - (-20 + j))?
False
Let y be 12/(-54) + (-148)/(-18). Let w be (-1 + 37)*6/y. Suppose 4*g + w - 75 = 0. Is 6 a factor of g?
True
Suppose -5*o + 101 = -2*d, o + d + d = 13. Suppose 5*j - 35 = -5*q - 0*q, 2*q = -j + o. Is 5 a factor of q?
False
Let v = 21 + -17. Suppose -2*t - v*i = -72, -3*t = 5*i - 80 - 30. Is 35 a factor of t?
False
Let i be (-2 - -1)/(1/2). Let q(d) = 154*d - 1. Let y be q(-1). Does 15 divide y/(-10) + 1/i?
True
Suppose -3*l = 3*f - 33, f - 3*l + 4 - 3 = 0. Is 3 a factor of f?
False
Let y be (-3)/(-2 + 21/9). Let x be y*(10/6 + -2). Suppose 0*f = x*f - 48. Is f a multiple of 6?
False
Suppose -2*s + 93 = -109. Is s a multiple of 22?
False
Let u(f) = f**2 - 8*f. Let o be u(8). Suppose -2*q = -o*q - 16. Is 5 a factor of q?
False
Let m be 11/(-2) - 4/8. Let l = 8 + m. Does 2 divide l?
True
Let a be -11*(-8 - (4 - 1)). Let y = a - 86. Does 7 divide y?
True
Let p be 2*3*1 + 1. Suppose 0 = -p*o + 4*o + 102. Suppose 2*x = -3*a + o + 25, 0 = -4*a - 5*x + 81. Does 13 divide a?
False
Let y be (-274)/8*8/(-2). Suppose -9 = -3*d, y = 6*b - b - d. Is 15 a factor of b?
False
Suppose 0 = 2*k - k - 54. Suppose -4*t + k = -t. Is t a multiple of 8?
False
Let l(o) = -9*o - 1. Let a be l(-1). Let u be ((-10)/(-4))/((-2)/a). Does 8 divide (2 - 3)*u + 1?
False
Suppose -f + 0*f - 7 = 5*m, -2*f - 4*m = -4. Suppose f*y - 104 = 4*y. Is y a multiple of 13?
True
Suppose 2 = -u - 2*f + 4, 0 = 4*f + 12. Let v be -80*(u/5)/(-4). Suppose 0 = 5*d - v - 158. Is d a multiple of 16?
False
Let p(f) = f**2 + 5*f + 10. Let s be (-558)/78 - 2/(-13). Is 8 a factor of p(s)?
True
Suppose -19*v - 54 = -21*v. Is v a multiple of 9?
True
Does 13 divide 30/25 - 1/5 - -116?
True
Let b = -6 - -12. Let h(x) = x**3 - 6*x**2 + 8. Is 6 a factor of h(b)?
False
Let d = 219 + -36. Does 14 divide d?
False
Suppose 2*y + 11*y = 819. Does 36 divide y?
False
Let q(u) = u + 4. Let r be 2 + -2 + 1 - 5. Let k be q(r). Suppose 0 = -4*n + 3*o + 144, -o + 0*o = k. Does 13 divide n?
False
Let o = -2 + 2. Let x(z) be the second derivative of -z**3/6 + 7*z**2 + 3*z. Is x(o) a multiple of 5?
False
Suppose -q + 0 = -1. Suppose -26 = -s - q. Is 23 a factor of s?
False
Suppose 3*g - 5*v - 41 = 32, -5*g + 2*v = -90. Does 8 divide g?
True
Is ((-2)/(-4))/((-3)/(-276)) a multiple of 20?
False
Let b(k) = -k**3 - 3*k**2 - 4*k + 3. Is 6 a factor of b(-4)?
False
Let s = 1 - -3. Suppose 4*h = 5*t + 3*h - 15, -4*t + 12 = -2*h. Suppose 4*d = -c - d + s, -2*d - 97 = -t*c. Does 17 divide c?
False
Let p(v) = v - 2. Let a be p(2). Suppose 0 = -a*y - y + 14. Is y a multiple of 9?
False
Suppose -4*b + 136 = -3*i, 4*b + 216 = -0*i - 5*i. Let n = 80 + i. Does 12 divide n?
True
Let g = -20 - -22. Let c(r) = 3*r**2 + 2*r - 1. Is c(g) a multiple of 8?
False
Let k = -43 - -93. Is 10 a factor of k?
True
Let t(z) = -5*z - 5. Let b(j) = 6*j + 6. Let n(u) = 4*b(u) + 5*t(u). Let p(k) = 2*k + 11. Let i(g) = -5*n(g) - p(g). Is i(5) a multiple of 9?
True
Is -10*((-26)/12 - (-2)/3) a multiple of 3?
True
Let g(o) = 2*o**2 + 1. Let v be g(1). Suppose 0 = r + 3, -3*p - v*r + 61 = -11. Is 20 a factor of p?
False
Suppose 5*z = -3*i + 709, 0 = z - 1 - 4. Does 13 divide i?
False
Does 7 divide 4/(-24) - 417/(-18)?
False
Suppose -4*v - 15 = -35. Suppose v*d = -0*d + 880. Suppose -2*g = 2*g - d. Is g a multiple of 15?
False
Suppose 25 + 65 = 6*m. Does 5 divide m?
True
Let b(k) = -42*k**3 + 7*k - 9. Let s(w) = 21*w**3 - 4*w + 5. Let p(u) = -4*b(u) - 7*s(u). Does 11 divide p(1)?
True
Suppose -4*m + 57 = -23. Suppose 2*x = -2*b - m, 34 - 12 = -3*x - b. Is 4 a factor of 2*(63/x)/(-3)?
False
Let l(p) = p**2 + 3*p + 1. Let d be l(-4). Let w be 3 - d - -7 - 2. Suppose -w*f = -2*n + 91, -n + 3*f + 53 = 4*f. Does 13 divide n?
False
Let c(y) = y**3 - 2*y - 1. Let t be c(-1). Let k = 7 - 7. Suppose t = -k*q - q + 11. Is 6 a factor of q?
False
Suppose -2*d + 3 - 15 = 0. Let g = d + 5. Is 2 a factor of (3 - 6)*(g + 0)?
False
Let b(g) = -g**3 - 6*g**2 - 4*g + 3. Let p be b(-5). Let o = p - -7. Does 5 divide o?
True
Let o(s) = s**3 - 7*s**2 + 5*s + 2. Let w be o(7). Is 3/(-3) + w*1 a multiple of 13?
False
Let a(b) = b + 12. Let z be a(-6). Let h = z + -7. Is 16 a factor of 46 + h + (2 - -1)?
True
Suppose 0 = 3*b - 2*h - 0*h + 17, -5 = 3*b + h. Let s(f) = -3*f**3 - 4*f**2 - f - 2. Is 17 a factor of s(b)?
False
Does 16 divide 4*-1 - ((-12)/(-4) + -199)?
True
Suppose 4*k - k = 6. Let i(c) = 5*c**2 + 15 - 3*c**2 - c**k. Is i(0) a multiple of 15?
True
Suppose 3*x + 0*p - 5*p + 19 = 0, -21 = -3*x - 3*p. Suppose 0 = x*d + b - 21, b + 3*b = -4*d + 32. Does 13 divide d?
True
Let t(f) = -f**3 - 6*f**2 - f - 4. Let w be t(-6). Suppose -3 = w*b + b. Does 14 divide (-55)/(-2) - b/2?
True
Let k(i) = -i + 8. Let g be k(6). Is 17 a factor of 35 + 1 + g/(-1)?
True
Let x be 4/14 - (-24)/14. Let a(n) = n**3 - 2. Let c be a(x). Suppose -3*t = c, -7*t = -3*d - 2*t + 34. Is d a multiple of 8?
True
Suppose 3*h = -8 - 61. Let k = h + 45. Does 11 divide k?
True
Let a be 6 - 0 - (2 + 0). Suppose -4*l + 31 = -3*r, 8*l = a*l + 2*r + 26. Suppose -54 + 10 = -l*p. Is 10 a factor of p?
False
Let i(b) = -15*b. Let o be i(-1). Suppose 43 - 13 = 2*u - 4*y, -4*u - y = -o. Suppose -u*v + 4*c - 10 = -71, 53 = 4*v + c. Is 13 a factor of v?
True
Let t = 60 + -43. Suppose -t + 5 = -h. Does 6 divide h?
True
Suppose -3*b + u + 11 = 0, -3*u = 3*b - u - 14. Suppose -3*g - 12 = 0, b*q = g + 2*g + 136. Is 31 a factor of q?
True
Let s(t) = t + 9. Let b be s(-7). Suppose -b*m + 2*x = -22, 4*m + 7 = -x + 51. Let w = 25 - m. Is w a multiple of 6?
False
Suppose 4*p - 9 = 2*i + 5, 0 = -4*i - 4. Suppose -1 + 0 = -l, 0 = 4*d - p*l - 89. Does 10 divide d?
False
Let b(a) = -4*a + 9. Suppose -21 = 5*g + 19. Does 21 divide b(g)?
False
Let u(x) = -x**2 + 7*x - 3. Let c be u(6). Suppose 0*d + c*v = -3*d - 9, 2*d - 12 = 4*v. Suppose d = -q - 4*q + 135. Is 9 a factor of q?
True
Let j = 173 + -124. Is j a multiple of 26?
False
Suppose 16 = j + 5. Suppose 12*d - j*d = 28. Is d a multiple of 14?
True
Is 11 a factor of ((-8)/(-3))/(1/(34 - 1))?
True
Suppose -7 = -2*n + 27. Is n a multiple of 3?
False
Let u be -2*-2*3/12. Is (26 + u - 1) + 2 a multiple of 14?
True
Let h be 0 - -1 - (-13 - -6). Let c be h*2/(-12)*-3. Suppose -5*w - c = -44. Does 4 divide w?
True
Suppose -25 = -2*d - 1. Suppose -d = 4*p + 76. Let x = p + 40. Is 18 a factor of x?
True
Suppose 4*p - 146 = -2*y + 4*y, 215 = -3*y + 4*p. Let h = 101 + y. Is 16 a factor of h?
True
Suppose -2 = -2*v + 2. Is 5 a factor of 15*v*(-2)/(-6